 7. Suppose 0 = -2*n - 5*x - 4 - 5, 3 = -3*n - 4*x. Suppose -n*b + 10 = -b. Give g(b).
-8
Let c be (10/4)/(5/(-10)). Let p(w) = 4*w - 2*w - 3*w. Calculate p(c).
5
Let g be ((-1)/2)/((-13)/(-156)). Let o(u) = u**2 + 5*u + 5. Calculate o(g).
11
Let b = -2 - -7. Suppose -2*n = b*v, n = -4*v - 4*n + 17. Let u(c) = -2*c. What is u(v)?
4
Let v(i) = i**3 + 5*i**2 + 2*i + 6. Let q(x) be the first derivative of -2*x**3/3 - 3*x**2/2 + 4*x + 4. Let c be q(-3). Give v(c).
-4
Let p(m) be the second derivative of -m**3/2 - 3*m**2/2 - m. Let t = 11 + -14. Give p(t).
6
Let q(w) = -3*w**3 + 15*w**2 - w - 6. Let z(c) = -c**3 + 7*c**2 - 3. Let s(l) = -2*q(l) + 5*z(l). Give s(-5).
-13
Let n = 1 + 9. Let v = -7 + n. Let k(a) = -3*a + 4. Calculate k(v).
-5
Let k = 2 - 1. Let d(p) = -7*p**3 - 3 + k - 3 + p + p**2 + 4. Calculate d(1).
-6
Let k(f) be the third derivative of -f**6/360 + f**5/24 - f**4/24 + 5*f**3/3 + f**2. Let r(q) be the first derivative of k(q). Determine r(5).
-1
Let s be ((-128)/(-12))/8*3. Let m(k) be the third derivative of -k**4/8 + k**3 + 2*k**2. Determine m(s).
-6
Let j(u) = u - 11. Suppose -9*w + 12 = -5*w. Suppose -x = -i - 2 + 3, w*i - 4 = 4*x. Determine j(i).
-11
Let u(l) = -l. Let x be u(-1). Suppose x = -w + 3. Suppose -5*y - w*z + 19 = 0, 3*z + 5 = -4. Let g(h) = -h**3 + 4*h**2 + 7*h - 4. Calculate g(y).
6
Let s be (-96)/6*1/(-4). Let w(l) = l + 2. Let z(f) = 2*f + 4. Let h be 1 + (-3)/((-6)/20). Let n(m) = h*w(m) - 6*z(m). What is n(s)?
-6
Let b = 12 + -6. Let t(i) = 14*i**3 + i**2 - 20*i - 14. Let f(c) = -5*c**3 + 7*c + 5. Let d(q) = 17*f(q) + 6*t(q). Give d(b).
-5
Let h(f) = 8*f. Suppose -3*z - 3 = 3. What is h(z)?
-16
Let z(b) = 7 + 0*b**3 + b - b**3 - 9 + 2*b**3. Suppose -o - 3*o = 5*q, 3*o = -2*q. Give z(q).
-2
Let c be (-2)/(-8) + 1/(-4). Let r(l) be the second derivative of 1/2*l**2 + 1/6*l**3 - l + c. Calculate r(-3).
-2
Let n be 60/(2 - 5)*(-6)/15. Let j(w) = -w**3 + 7*w**2 + 7*w + 7. Determine j(n).
-1
Let y(n) = n**3 - 5*n**2 + 5*n - 1. Let q be y(4). Let m(x) = -3*x**2 + 2*x + 1. Calculate m(q).
-20
Let r(z) = 27*z + 11. Let k(j) = 7*j + 3. Let x(t) = 22*k(t) - 6*r(t). What is x(-1)?
8
Let j(w) = w + 12. Let l be j(-9). Let s = l - 4. Let c(m) = -7*m**3 - 2*m**2 - 2*m - 1. What is c(s)?
6
Let b = -14 + 14. Let n(q) = -q - 8. Calculate n(b).
-8
Let u(b) be the third derivative of -b**4/12 - b**3 - 21*b**2. Calculate u(-5).
4
Let h(u) = -4*u**3 + 1. Let x(r) = -r**2 - 6*r - 6. Let a be x(-5). Determine h(a).
5
Let p = -7 + 11. Let l(j) = -3*j - 3 + 4 + 2*j. Calculate l(p).
-3
Suppose -2 = -4*p + 5*g, -4*g - 11 = 5*p + 7. Let r(x) = -x - 4. Let v(n) = -4*n - 17. Let c(u) = -26*r(u) + 6*v(u). Calculate c(p).
-2
Let y(c) = -c**3 + 3*c**2 - 2*c - 2. Suppose -25 = -5*v - 0*v, -5*k = -v - 30. Let x = k + -5. Calculate y(x).
-2
Let a(z) = -z. Suppose 0 = 2*f - 0*f - 5*i + 6, 3*i = -2*f - 6. Let n be (2/(-4))/(f/(-12)). Determine a(n).
2
Let w be 70/20 - (-1)/2. Let x(i) = 4*i + 5. Calculate x(w).
21
Let m(r) be the second derivative of -r**3/3 - r**2 - 3*r. Let a be m(-2). Let f(g) = -3*g + g**a + 0*g**2 - 8 + 4*g. What is f(0)?
-8
Suppose 7*h - 4*h = -3. Let x be h/(3/(-12)) + -1. Let s(v) be the third derivative of -v**4/24 + v**3/3 - 3*v**2. Give s(x).
-1
Let o be (0 - -1)/(-1)*2. Let f be (3/o)/1*2. Let s(h) = -6*h - 7. Let z(p) = 17*p + 20. Let k(a) = 11*s(a) + 4*z(a). Calculate k(f).
-3
Let x(o) = o**3 + 10*o**2 + 4*o. Let s(r) = -2*r**3 - 19*r**2 - 8*r - 1. Let i(d) = -6*s(d) - 11*x(d). Calculate i(-4).
-10
Suppose 4*w = 3 + 5. Let m be (-3 + w)*(-1)/(-1). Let q(l) be the second derivative of 5*l**3/3 - l. Calculate q(m).
-10
Let o(t) = 4*t**2 + t. Let y be (-1)/((13/78)/((-2)/(-12))). Determine o(y).
3
Let n(o) = 2*o**3 + 15*o**2 - 8*o + 14. Let k(r) = r**3 + 8*r**2 - 4*r + 7. Let d(v) = -7*k(v) + 4*n(v). Let f be 22/33 - (69/9 + -2). Calculate d(f).
2
Let l(v) = v**2 + 6*v - 5. Let y(g) = -g**3 + 8*g**2 + 5*g - 4. Let j be y(8). Let z be 2/(-8) + j/16. Suppose z*r = -7 - 3. Give l(r).
-10
Let q(a) be the third derivative of a**6/15 + a**4/24 - a**3/6 + 10*a**2. Let d be -1 - 1/(1/(-2)). Calculate q(d).
8
Suppose -x + 18 = 7*z - 3*z, -z = 3*x + 1. Suppose 0 = -4*f - 3*y + 39, 2*y = 3*f - 0*y - 25. Let v(g) = -10 + f - 2*g + g. What is v(x)?
1
Let u = -3 + 5. Suppose -6 = -0*v - u*v. Let k(h) = -2*h**2 + h**2 + h**3 + v + 0*h + h. Give k(0).
3
Suppose 4*n = 6*n - 6. Suppose -4 - 8 = n*u. Let j(g) = -g**2 + 4 - 5*g - g**2 + 0*g. What is j(u)?
-8
Let k be 8 + -9 - 2/(-2). Let v(q) = q**3 - q**2 - 4*q + 4. Let n be v(3). Let g be (5 - n)*(k - -1). Let t(h) = h**2 + 5*h - 6. What is t(g)?
-6
Suppose 2*z = -r - 6, -5 = z + 2*r - r. Let j(o) = 19*o**2 - o - 1. Calculate j(z).
19
Let s(d) = d**2 + 7*d + 6. Suppose 0 = 4*y + 3*p + 32, -5*y - 3*p - 35 - 2 = 0. Calculate s(y).
-4
Suppose 9 = 4*k - k. Let p(f) = 6 - f - f**2 - 2 + 2*f**2. Give p(k).
10
Let g(a) = a**2 - 2*a - 10. Let l be g(5). Let q(r) be the second derivative of -r**5/20 + r**4/2 - 7*r**3/6 + 7*r**2/2 + 6*r. Determine q(l).
-3
Let g(s) = s**2 - 7*s - 9. Suppose 1 = -v - 0, 3*u - 23 = -v. Give g(u).
-1
Let z(d) be the second derivative of 2*d - 1/4*d**4 + 1/20*d**5 - 2*d**2 + 1/2*d**3 + 0. What is z(3)?
5
Let z(d) be the first derivative of -d**4/4 - 4*d**3/3 - d**2/2 + 4*d - 13. Give z(-3).
-2
Suppose -4*q + 2*q = 0. Let p(k) = 2 - k - k + q*k. What is p(-2)?
6
Suppose 4*x - 15 = -x. Let d(b) = 3*b - 5 + 3 + 0*b + 0. What is d(x)?
7
Let t(n) = n**2 - 6*n + 6. Suppose 0 = 3*v + 18 - 6. Let j be (-50)/v*(-8)/(-10). Let m = 15 - j. What is t(m)?
1
Let r(u) be the third derivative of -u**3 + 0*u - 6*u**2 + 0 - 1/12*u**4. Calculate r(-6).
6
Suppose -2*m + 31 - 4 = -3*l, -5 = l. Let w = 5 - m. Let i(s) = 2*s + 1. Let t be i(w). Let r(y) = -3*y**3 + y + 1. Calculate r(t).
3
Let i be -8 + 5 + (-5)/(-1). Let b(w) = 3 + 3*w - 3*w**2 - 2*w**i + w**2 + 3*w**2. Determine b(3).
3
Let r = -3 + 9. Let o be (-4)/(-1)*3/r. Let a(q) = 2*q - 2. Let x(k) = -k + 1. Let t(f) = 6*a(f) + 14*x(f). What is t(o)?
-2
Let p(f) = -f**2 - 9. Let y(k) = -k. Let d(g) = p(g) + y(g). Give d(0).
-9
Let k(m) = m**3 + 6*m**2 + 3*m + 7. Let y be 3 + -3 - 6/1. Give k(y).
-11
Let y(b) be the first derivative of b**7/840 - b**6/90 - b**5/20 - b**4/24 + 2*b**3/3 + 4. Let s(d) be the third derivative of y(d). Determine s(5).
-6
Let s(w) be the second derivative of w**5/20 - 7*w**4/12 + w**3/3 - 5*w**2 - w - 3. Give s(7).
4
Let j(u) = -2*u - 5. Let h be j(-5). Suppose h = f - c + 3, 4*c = 12. Let o(a) be the first derivative of a**3/3 - 5*a**2/2 - 4*a + 14. Calculate o(f).
-4
Let s be (0 + -1)/(1/(-8)*2). Let f(n) = -n**3 + 5*n**2 - 5*n - 3. Determine f(s).
-7
Let i(b) be the third derivative of b**7/2520 + 7*b**6/720 + b**5/15 + 8*b**2. Let y(c) be the third derivative of i(c). Give y(-6).
-5
Let o(x) = -2*x. Let c(h) = -h - 9. Let m be c(-5). Give o(m).
8
Let a(h) = -h. Let j be a(1). Let s be -1 - (j + (2 - 2)). Let f = 1 + s. Let w(q) = 3*q**2 + q - 1. Determine w(f).
3
Let x(w) = 5*w - 4. Let m(i) = i. Let a be ((-6)/9)/((-2)/9). Suppose h - 5*h - 2 = a*o, -o = 4*h + 14. Let r(z) = o*m(z) - x(z). Give r(-3).
1
Let u(y) be the third derivative of -y**6/72 + y**4/24 + y**2. Let h(t) be the second derivative of u(t). Determine h(1).
-10
Let i = 14 + -14. Suppose i = -15*c + 10*c. Let y(t) = -t - 4. Determine y(c).
-4
Let b(c) = -9*c - 15*c + 2 - 3*c**3 - 2*c**2 + 22*c. What is b(-2)?
22
Let w be ((-3)/(-2))/((-1)/2). Let z = w + 0. Let j(v) = -v**3 - 4*v**2 - 3*v. Give j(z).
0
Let q = 15 - 10. Suppose -1 + q = 4*v. Let b(d) = -2*d**3 + d**2 - 2*d + 1. What is b(v)?
-2
Let u be ((-10)/(-36))/(-6*(-7)/126). Let k(s) be the third derivative of 1/24*s**4 + 2*s**2 + 0 - u*s**3 + 0*s. What is k(0)?
-5
Let a(j) be the second derivative of j**6/720 - j**5/24 - j**4/3 + 2*j. Let s(k) be the third derivative of a(k). Calculate s(-5).
-10
Let w be 4/(-22) + 4/22. Let f(t) = t + w - 1 + 0. What is f(1)?
0
Let l(v) be the second derivative of v**6/360 + 7*v**5/120 + 3*v**4/8 - v**3/6 + 6*v. Let w(r) be the second derivative of l(r). Let f = 2 - 8. Give w(f).
3
Let q(u) = u**3 + 2*u**2 - 3*u - 3. Suppose 5*l + a - 41 = 0, -4*l + 36 = -0*l + 4*a. Suppose -4*k = -0*k + l. Give q(k).
3
Let x(r) be the third derivative of r